mainder when f(x) is divided by c(4)?
1
Let z(k) = -k**3 - 5*k**2 + 5*k + 3. Let w be 4/14 + (-88)/14. Let c be z(w). Suppose 0 = 4*v - v - c. Calculate the remainder when 7 is divided by v.
1
Let z be 2/5*(7 + 3). Let k = z - -19. What is the remainder when k is divided by 6?
5
Let g = 14 + -6. Let b = -62 - -80. What is the remainder when 5/20 + 414/g is divided by b?
16
Suppose 8 = 3*d + 2*d + 2*z, z + 3 = d. Suppose -70 = -d*h + 5*n - 5, 4*h - 4*n - 124 = 0. Suppose f - h = -f. What is the remainder when f is divided by 8?
7
Suppose 4 = -f - 3*i + 24, 5 = 4*f - 3*i. Calculate the remainder when ((-6)/15)/((-1)/30) is divided by f.
2
What is the remainder when 18 is divided by (-400)/125*(-10)/4?
2
Suppose -2*o + 19 = 5. Suppose 2*m = m + 4*a + 4, a = 3*m - 34. What is the remainder when m is divided by o?
5
Suppose 4*i - 11 = 3*x, 2*i + 1 - 2 = 3*x. What is the remainder when 19 is divided by i?
4
Suppose -5*c + 5 = 0, -r - 4*c + 8 = -5*r. Suppose 2*p + 3 - 9 = 0. Let h = r + p. Calculate the remainder when 2 is divided by h.
0
Let w(l) = -l**3 - 4*l**2 - 3*l + 1. Let d be w(-3). Let f = 0 - d. Calculate the remainder when 9 + f - (1 + 0) is divided by 4.
3
Suppose 43 - 288 = 5*o. Let g = 119 + o. Calculate the remainder when g is divided by 18.
16
Suppose -s - 4*t = -0*t + 11, 3*s - t + 7 = 0. Let c be 1/(((-5)/s)/(-5)). Calculate the remainder when 1 is divided by 4/(-2)*c/6.
0
What is the remainder when (-15)/(-5)*(-39)/(-1 + -2) is divided by 20?
19
Suppose 0 = 2*i + 10 + 2. What is the remainder when ((-10)/(-4))/(i/(-12)) is divided by 3?
2
Suppose -4*t = -5*g - t + 64, t + 25 = 2*g. Calculate the remainder when 43 is divided by g.
10
Let i(x) = 29*x**2 + x - 1. Calculate the remainder when ((-48)/(-20))/((-2)/(-95)) is divided by i(1).
27
Let l = 87 + -47. Let n = -3 + l. Calculate the remainder when n is divided by 13.
11
Let b be 3/((-3)/24*-2). Suppose 6 = d + b. Let g = d + 14. Calculate the remainder when 14 is divided by g.
6
Let h = -2 + 7. Suppose -x + 26 - h = 0. Let z = -69 - -110. Calculate the remainder when z is divided by x.
20
Let m be 3 + (-10)/(4/2). What is the remainder when ((-3)/m)/((-1)/(-34)) is divided by 13?
12
Let u(q) = q**2 + 7*q + 5. Let s be u(-5). What is the remainder when 22 is divided by s/(15/6) - -8?
4
Suppose l + 228 = 5*l. Suppose n + 2*n - l = 0. What is the remainder when (-21)/(-28) - (-884)/16 is divided by n?
18
Let n = -1 + 41. Calculate the remainder when n is divided by 14.
12
Let h = 58 + -38. Suppose w - h = -0*w. Let l(t) = 3*t**2 - 3*t - 2. What is the remainder when l(5) is divided by w?
18
Let d(p) = -p**2 + 10*p + 9. Calculate the remainder when 69 is divided by d(9).
15
Let p(l) = -l**3 + 19*l**2 - 15*l - 20. Let k = -11 - -15. Suppose n + 36 = k*n. What is the remainder when p(18) is divided by n?
10
Suppose -7*a + 83 + 22 = 0. What is the remainder when 59 is divided by a?
14
Let h(i) = 3*i**2 - i - 4. Let x(s) = -2*s**2 + s + 3. Let q(f) = 3*h(f) + 4*x(f). Calculate the remainder when 46 is divided by q(3).
10
Let c = -6 - -15. Suppose 0 = 5*h - 0*h + 2*s, -3*h = -s - 11. Calculate the remainder when c is divided by 2 - h/(-1*2).
0
Suppose -7*i = -2*i - 365. Calculate the remainder when i is divided by 25.
23
Let v(x) = x**2 + 2*x - 4. Suppose 4*l = -3*q - 7, l + 0*l = -q - 1. What is the remainder when v(-4) is divided by q?
1
Let o(i) = i**3 - 2*i**2 + 3*i - 3. Let b be o(2). Calculate the remainder when (-1 + 3 - b) + 6 is divided by (2/(-6))/((-4)/36).
2
Let f be -3*4/(-36)*45. Let m = 25 - f. Let i(w) = 38*w**2 - w + 1. What is the remainder when i(1) is divided by m?
8
Suppose -r = r - 34. Suppose -r = -3*t + 13. Let g = 19 + -15. Calculate the remainder when t is divided by g.
2
Let b(g) = 45*g + 12. Suppose -2*u + 0*u = -114. What is the remainder when u is divided by b(0)?
9
Suppose -2*t = -4*t + 310. Let y = -106 + t. Suppose 4*r - 44 = 3*a - 7*a, -r - 5*a = -3. Calculate the remainder when y is divided by r.
10
What is the remainder when 94 is divided by (2 - 22/(-5))/((-1)/(-5))?
30
Let j(x) = x**3 + 5*x**2 - 2*x - 2. Let l be j(-5). Suppose -l*s = -3*s - 215. Suppose 7*h - 60 = 3*h. What is the remainder when s is divided by h?
13
Calculate the remainder when 11 is divided by -14*2/(-8)*2.
4
Let u = 65 - 20. Suppose 3*q = 4*v + 44, 0*q + 5*v - 85 = -5*q. What is the remainder when u is divided by q?
13
Let j(z) = -z**3 - 2*z**2 - 1. Suppose -6 = 3*c - 0*c. Let h be j(c). What is the remainder when 6 is divided by (3 - h) + (-6)/3?
0
Let c = 3 - -1. Let l be 3 - (11*10)/(-2). Suppose 5*m = l - 23. What is the remainder when m is divided by c?
3
Let q = -89 - -178. What is the remainder when q is divided by 24?
17
Let x(f) = -3*f + 1. Let d be x(2). Let r(t) = t**3 + 6*t**2 + t - 4. What is the remainder when 63 is divided by r(d)?
15
Let o = 33 + -26. Suppose 41 = 3*z - 5*a, 2*a = -4*z + 5*z - 14. What is the remainder when z is divided by o?
5
Let j(t) = -t**2 + 11*t - 15. Let s be j(10). Let o(p) = -4*p - 7. What is the remainder when 38 is divided by o(s)?
12
Let j(d) = d**2 + 3*d + 3. Let m be j(-3). Suppose 0 = -m*k + 11 + 13. Calculate the remainder when 14 is divided by k.
6
Let f(v) = v**2 - v - 1. Let j be f(0). Let h = -38 + 49. What is the remainder when 23 + j - (-1 - -2) is divided by h?
10
Let n(l) = l + 4. Let k be n(5). Let q = k + -6. Suppose -5*i - 2*a + 23 = 0, 3*a + 13 = q*i + 5*a. What is the remainder when 9 is divided by i?
4
Let s(r) = -2*r**2 - r. Let g be s(2). Calculate the remainder when 66 is divided by ((-34)/(-4))/(g/(-20)).
15
Calculate the remainder when 29 is divided by ((-8)/(-4) + 2)*4.
13
Let c(f) = -3*f + 25. Calculate the remainder when 49 is divided by c(0).
24
Let r(l) = -9*l - 6. Calculate the remainder when r(-4) is divided by 19.
11
Let l(a) = 87*a - 16. What is the remainder when l(3) is divided by 13?
11
Let n = 13 - 8. Suppose -n*w + b = -18, 0*b + 20 = 3*w + 4*b. Let j = 9 - w. Calculate the remainder when j is divided by 2.
1
Let l(x) = -x - 2. Let k be l(10). What is the remainder when 15 is divided by (18/k)/((-1)/6)?
6
Suppose 0*a + 2*a - 77 = 3*s, -3*a - 4*s = -107. Calculate the remainder when 46 is divided by 7/(-21) - a/(-3).
10
Suppose 2*l + 3*q = 7*q + 66, 112 = 4*l - 3*q. What is the remainder when 98 is divided by l?
23
What is the remainder when 2*44 + (-8 - -6) is divided by 22?
20
Suppose -2*f - 2*m = 3*m - 31, -5*f - 10 = -5*m. What is the remainder when 11 is divided by f?
2
Suppose -4*h - 179 = -5*q, q + q - 4*h - 62 = 0. Calculate the remainder when q is divided by 10.
9
What is the remainder when (-2)/(-4) - 246/(-12) is divided by -1 + 0 + 2 + 10?
10
Suppose 4 - 7 = a + 2*y, 5*y - 15 = 2*a. Let u(o) = -2*o - 1. Calculate the remainder when 35 is divided by u(a).
8
Let i = -23 - -36. Calculate the remainder when 90 is divided by i.
12
Let z = 32 - 12. Suppose -w - 2*c = -4*c - 22, -4*c - z = 0. Calculate the remainder when 47 is divided by w.
11
Let m be 128/4 - (-2 + -1). Let c = m - 5. Calculate the remainder when c is divided by 16.
14
Let x(b) = 5*b + 10. Suppose -2*m - 15 = m, 3*m - 30 = -5*g. What is the remainder when x(5) is divided by g?
8
Suppose 663 = -4*u + 231. Let o = -71 - u. Suppose -5*m + 5*g + 70 = 0, 2*m + 3*g - 53 = -0*g. Calculate the remainder when o is divided by m.
18
Let j(k) = -2*k + 3. Let o be j(3). Let h be 1 + -1 + 5 + o. Calculate the remainder when 14 is divided by 7 + (-4)/h + 0.
4
Let o = 11 + -11. Suppose o = -3*c + 16 + 5. Let w(u) = -u**2 + 7*u - 3. Calculate the remainder when c is divided by w(6).
1
Calculate the remainder when (5 + 5)/2 + 16 is divided by 16.
5
Let g(u) = -11*u + 2. What is the remainder when 17 is divided by g(-1)?
4
Suppose 3 + 14 = n. What is the remainder when (0 - -8)/((6 - 7)/(-4)) is divided by n?
15
Let l(f) = f**3 - 9*f**2 + 11*f + 5. Let a(k) be the third derivative of -k**4/12 - 2*k**3/3 - k**2. Calculate the remainder when l(8) is divided by a(-6).
5
Let r be 4/((-1)/(-2 + 0)). Let h(i) = i**3 - 8*i**2 + 2. Let n be h(r). Suppose -4 = -n*q + 8. What is the remainder when 10 is divided by q?
4
Let i(r) = r + 8. Let q be i(-9). Let x be q*(4/(-1) - 2). Suppose -x = 2*u - 34. What is the remainder when 27 is divided by u?
13
Sup